{"id":19573,"date":"2024-04-24T11:05:41","date_gmt":"2024-04-24T09:05:41","guid":{"rendered":"https:\/\/www.mojatorta.hr\/novo\/?page_id=19573"},"modified":"2024-04-24T11:09:28","modified_gmt":"2024-04-24T09:09:28","slug":"eu-projekti","status":"publish","type":"page","link":"https:\/\/www.mojatorta.hr\/novo\/eu-projekti\/","title":{"rendered":"EU projekti"},"content":{"rendered":"\t\t<div data-elementor-type=\"wp-page\" data-elementor-id=\"19573\" class=\"elementor elementor-19573\" data-elementor-post-type=\"page\">\n\t\t\t\t<div class=\"elementor-element elementor-element-7539b9a e-flex e-con-boxed e-con e-parent\" data-id=\"7539b9a\" data-element_type=\"container\" data-settings=\"{&quot;background_background&quot;:&quot;classic&quot;}\">\n\t\t\t\t\t<div class=\"e-con-inner\">\n\t\t<div class=\"elementor-element elementor-element-0322bae e-flex e-con-boxed e-con e-child\" data-id=\"0322bae\" data-element_type=\"container\" data-settings=\"{&quot;background_background&quot;:&quot;classic&quot;}\">\n\t\t\t\t\t<div class=\"e-con-inner\">\n\t\t<div class=\"elementor-element elementor-element-ab9d3d0 e-flex e-con-boxed e-con e-child\" data-id=\"ab9d3d0\" data-element_type=\"container\" data-settings=\"{&quot;background_background&quot;:&quot;classic&quot;}\">\n\t\t\t\t\t<div class=\"e-con-inner\">\n\t\t<div class=\"elementor-element elementor-element-3445ad3 e-con-full e-flex e-con e-child\" data-id=\"3445ad3\" data-element_type=\"container\" data-settings=\"{&quot;background_background&quot;:&quot;classic&quot;}\">\n\t\t\t\t<div class=\"elementor-element elementor-element-0d08252 elementor-widget elementor-widget-heading\" data-id=\"0d08252\" data-element_type=\"widget\" data-widget_type=\"heading.default\">\n\t\t\t\t<div class=\"elementor-widget-container\">\n\t\t\t\t\t<h2 class=\"elementor-heading-title elementor-size-default\">EU projekti<\/h2>\t\t\t\t<\/div>\n\t\t\t\t<\/div>\n\t\t\t\t<\/div>\n\t\t\t\t\t<\/div>\n\t\t\t\t<\/div>\n\t\t\t\t\t<\/div>\n\t\t\t\t<\/div>\n\t\t\t\t\t<\/div>\n\t\t\t\t<\/div>\n\t\t<div class=\"elementor-element elementor-element-2b856a6 e-flex e-con-boxed e-con e-parent\" data-id=\"2b856a6\" data-element_type=\"container\">\n\t\t\t\t\t<div class=\"e-con-inner\">\n\t\t\t\t<div class=\"elementor-element elementor-element-8bf53e3 elementor-widget elementor-widget-image\" data-id=\"8bf53e3\" data-element_type=\"widget\" data-widget_type=\"image.default\">\n\t\t\t\t<div class=\"elementor-widget-container\">\n\t\t\t\t\t\t\t\t\t\t\t\t\t\t\t<img fetchpriority=\"high\" decoding=\"async\" width=\"502\" height=\"145\" src=\"https:\/\/www.mojatorta.hr\/novo\/wp-content\/uploads\/2024\/04\/Financira_EU.png\" class=\"attachment-large size-large wp-image-19576\" alt=\"\" srcset=\"https:\/\/www.mojatorta.hr\/novo\/wp-content\/uploads\/2024\/04\/Financira_EU.png 502w, https:\/\/www.mojatorta.hr\/novo\/wp-content\/uploads\/2024\/04\/Financira_EU-300x87.png 300w\" sizes=\"(max-width: 502px) 100vw, 502px\" \/>\t\t\t\t\t\t\t\t\t\t\t\t\t\t\t<\/div>\n\t\t\t\t<\/div>\n\t\t\t\t<div class=\"elementor-element elementor-element-be656c1 elementor-widget elementor-widget-text-editor\" data-id=\"be656c1\" data-element_type=\"widget\" data-widget_type=\"text-editor.default\">\n\t\t\t\t<div class=\"elementor-widget-container\">\n\t\t\t\t\t\t\t\t\t<p style=\"margin: 0cm; margin-bottom: .0001pt; text-align: justify;\"><strong><span lang=\"HR\">Kvalitetu tvrtke Tu\u0161ak d.o.o. prepoznale su institucije Europske unije koje podupiru na\u0161 projekt pod nazivom:<\/span><\/strong><\/p><p>\u00a0<\/p><p style=\"margin: 0cm; margin-bottom: .0001pt; text-align: center; background: white;\" align=\"center\"><b><span lang=\"HR\" style=\"font-size: 16.0pt;\">\u201eUlaganje u digitalizaciju poslovanja tvrtke Tu\u0161ak d.o.o.\u201c (NPOO.C1.1.2.R3-I2.01-V2.0604)<\/span><\/b><\/p><p align=\"center\">\u00a0<\/p><p><strong>Projekt je odobren u sklopu natje\u010daja \u201e<em>VAU\u010cERI ZA DIGITALIZACIJU\u201c<\/em> (NPOO.C1.1.2. R3-I2.01) s ciljem pove\u0107anja <\/strong>razine digitalne zrelosti tvrtke ulaganjem u uvo\u0111enje novih digitalnih rje\u0161enja u poslovanje izradom web shopa, kao i pobolj\u0161anje digitalnih vje\u0161tina djelatnika, a \u0161to \u0107e oja\u010dati kapacitete tvrtke za provedbu digitalizacije i digitalne transformacije. Navedeno \u0107e dovesti do rasta prihoda od prodaje, uz rast broja zaposlenika<strong>.<\/strong><\/p><p>\u00a0<\/p><p>UKUPNA VRIJEDNOST PROJEKTA: 10.500,00 EUR<\/p><p>EU SUFINANCIRANJE PROJEKTA: 5.040,00 EUR<\/p><p>Razdoblje provedbe projekta: 29.11.2023. \u2013 29.11.2024.<\/p>\t\t\t\t\t\t\t\t<\/div>\n\t\t\t\t<\/div>\n\t\t\t\t<div class=\"elementor-element elementor-element-8657271 elementor-widget elementor-widget-text-editor\" data-id=\"8657271\" data-element_type=\"widget\" data-widget_type=\"text-editor.default\">\n\t\t\t\t<div class=\"elementor-widget-container\">\n\t\t\t\t\t\t\t\t\t<p>Kontakt osoba:<\/p><ul><li>Danijel Tu\u0161ak<\/li><li>Broj telefona osobe za kontakt: +385 98 308 636<\/li><li>Adresa elektronske po\u0161te osobe za kontakt: <span style=\"text-decoration: underline;\"><a href=\"mailto:danijeltusak@gmail.com\">danijeltusak@gmail.com<\/a><\/span><\/li><\/ul><p>Kontakt relevantnih institucija:<\/p><ul><li>Nacionalni plan oporavka i otpornosti 2021.-2026. (<span style=\"text-decoration: underline;\">https:\/\/planoporavka.gov.hr\/<\/span>)<\/li><\/ul>\t\t\t\t\t\t\t\t<\/div>\n\t\t\t\t<\/div>\n\t\t\t\t<div class=\"elementor-element elementor-element-1332c63 elementor-widget elementor-widget-text-editor\" data-id=\"1332c63\" data-element_type=\"widget\" data-widget_type=\"text-editor.default\">\n\t\t\t\t<div class=\"elementor-widget-container\">\n\t\t\t\t\t\t\t\t\t<p>Projekt je sufinancirala Europska unija kroz Nacionalni plan oporavka i otpornosti 2021.-2026.: Financira Europska unija \u2013 NextGenerationEU.<\/p><p>Izneseni stavovi i mi\u0161ljenja samo su autorova i ne odra\u017eavaju nu\u017eno slu\u017ebena stajali\u0161ta Europske unije ili Europske komisije. Ni Europska unija ni Europska komisija ne mogu se smatrati odgovornima za njih.<\/p><p>Sadr\u017eaj publikacije isklju\u010diva je odgovornost Tu\u0161ak d.o.o., Smiljanska ulica 17, 53000 Gospi\u0107, Hrvatska.<\/p>\t\t\t\t\t\t\t\t<\/div>\n\t\t\t\t<\/div>\n\t\t\t\t\t<\/div>\n\t\t\t\t<\/div>\n\t\t\t\t<\/div>\n\t\t","protected":false},"excerpt":{"rendered":"<p>EU projekti Kvalitetu tvrtke Tu\u0161ak d.o.o. prepoznale su institucije Europske unije koje podupiru na\u0161 projekt pod nazivom: \u00a0 \u201eUlaganje u digitalizaciju poslovanja tvrtke Tu\u0161ak d.o.o.\u201c (NPOO.C1.1.2.R3-I2.01-V2.0604) \u00a0 Projekt je odobren u sklopu natje\u010daja \u201eVAU\u010cERI ZA DIGITALIZACIJU\u201c (NPOO.C1.1.2. R3-I2.01) s ciljem pove\u0107anja razine digitalne zrelosti tvrtke ulaganjem u uvo\u0111enje novih digitalnih rje\u0161enja u poslovanje izradom web [&hellip;]<\/p>\n","protected":false},"author":1,"featured_media":0,"parent":0,"menu_order":0,"comment_status":"closed","ping_status":"closed","template":"","meta":{"footnotes":""},"class_list":["post-19573","page","type-page","status-publish","hentry"],"aioseo_notices":[],"_links":{"self":[{"href":"https:\/\/www.mojatorta.hr\/novo\/wp-json\/wp\/v2\/pages\/19573","targetHints":{"allow":["GET"]}}],"collection":[{"href":"https:\/\/www.mojatorta.hr\/novo\/wp-json\/wp\/v2\/pages"}],"about":[{"href":"https:\/\/www.mojatorta.hr\/novo\/wp-json\/wp\/v2\/types\/page"}],"author":[{"embeddable":true,"href":"https:\/\/www.mojatorta.hr\/novo\/wp-json\/wp\/v2\/users\/1"}],"replies":[{"embeddable":true,"href":"https:\/\/www.mojatorta.hr\/novo\/wp-json\/wp\/v2\/comments?post=19573"}],"version-history":[{"count":4,"href":"https:\/\/www.mojatorta.hr\/novo\/wp-json\/wp\/v2\/pages\/19573\/revisions"}],"predecessor-version":[{"id":19579,"href":"https:\/\/www.mojatorta.hr\/novo\/wp-json\/wp\/v2\/pages\/19573\/revisions\/19579"}],"wp:attachment":[{"href":"https:\/\/www.mojatorta.hr\/novo\/wp-json\/wp\/v2\/media?parent=19573"}],"curies":[{"name":"wp","href":"https:\/\/api.w.org\/{rel}","templated":true}]}}